{"id":2653,"date":"2026-07-07T07:26:42","date_gmt":"2026-07-07T07:26:42","guid":{"rendered":"https:\/\/dev.eeg.ohmedias.pro\/reference\/installations-multi-techniques-du-campus-scolaire-durable-pole-scolaire-des-grands-pres-a-mons\/"},"modified":"2026-07-07T07:26:42","modified_gmt":"2026-07-07T07:26:42","slug":"installations-multi-techniques-du-campus-scolaire-durable-pole-scolaire-des-grands-pres-a-mons","status":"publish","type":"reference","link":"https:\/\/dev.eeg.ohmedias.pro\/fr\/reference\/installations-multi-techniques-du-campus-scolaire-durable-pole-scolaire-des-grands-pres-a-mons\/","title":{"rendered":"Installations multi-techniques du campus scolaire durable P\u00f4le Scolaire des Grands Pr\u00e9s \u00e0 Mons"},"author":3,"template":"","categories":[],"class_list":["post-2653","reference","type-reference","status-publish","hentry"],"acf":[],"_links":{"self":[{"href":"https:\/\/dev.eeg.ohmedias.pro\/fr\/wp-json\/wp\/v2\/reference\/2653","targetHints":{"allow":["GET"]}}],"collection":[{"href":"https:\/\/dev.eeg.ohmedias.pro\/fr\/wp-json\/wp\/v2\/reference"}],"about":[{"href":"https:\/\/dev.eeg.ohmedias.pro\/fr\/wp-json\/wp\/v2\/types\/reference"}],"author":[{"embeddable":true,"href":"https:\/\/dev.eeg.ohmedias.pro\/fr\/wp-json\/wp\/v2\/users\/3"}],"wp:attachment":[{"href":"https:\/\/dev.eeg.ohmedias.pro\/fr\/wp-json\/wp\/v2\/media?parent=2653"}],"wp:term":[{"taxonomy":"category","embeddable":true,"href":"https:\/\/dev.eeg.ohmedias.pro\/fr\/wp-json\/wp\/v2\/categories?post=2653"}],"curies":[{"name":"wp","href":"https:\/\/api.w.org\/{rel}","templated":true}]}}

Installations multi-techniques du campus scolaire durable Pôle Scolaire des Grands Prés à Mons
